 -4300 = -u*n - 32*n. Calculate the remainder when n is divided by m.
15
Let v = -40 - -106. Calculate the remainder when (v - (-1 - 2)) + -2 is divided by (45/(-6))/((-37)/74).
7
Let b = 1758 - 1636. What is the remainder when b is divided by 95?
27
Let f = -1499 - -2120. Let t = f - 616. What is the remainder when ((-1)/2)/(2/(-132)) is divided by t?
3
Let w be (-6 - 2/(-4)*4) + 551. Let k = w - 374. What is the remainder when k is divided by 40?
13
What is the remainder when (2*1/(-6))/(2/(-4518) - 0) is divided by 249?
6
Let q = 28 + 56. Suppose -4*s - 11*m = -8*m - 279, -s = -4*m - q. What is the remainder when 353 is divided by s?
65
Suppose -2*d - 5*s + 2678 = -6175, d + 2*s = 4424. What is the remainder when d is divided by 138?
136
Suppose 0 = -3*w - 3*p, -p = -w - 3*p - 4. Suppose 447 = -t + 4*t - 2*j, -2*j - 598 = -w*t. What is the remainder when t is divided by 19?
18
What is the remainder when 36/(-81)*-75*(-1890)/(-36) is divided by 246?
28
Suppose 3*y = 2*o + 71, -4*o + 11 = 5*y - 56. Calculate the remainder when 2772 is divided by y.
17
Let y(b) = -14 - 3*b**2 + 114 + 2*b**2 - 18 + 43*b. Calculate the remainder when y(43) is divided by 43.
39
Let i(s) = 5*s**3 - 5*s**2 - 79*s + 412. Calculate the remainder when i(5) is divided by 111.
73
Let q(s) be the first derivative of s**2/2 + 23*s - 80. What is the remainder when 313 is divided by q(22)?
43
Let p(g) = 2*g**2 - 8*g - 10. Let u(j) = j**2 + j + 1. Let q(b) = p(b) - 3*u(b). What is the remainder when q(-5) is divided by 5?
2
Let j(v) = 598*v + 3065. Calculate the remainder when j(-4) is divided by 82.
17
Let y(k) = 4*k**2. Let j be y(1). Suppose -j*l + 990 = -z + 291, -l + 3*z = -161. Calculate the remainder when l is divided by 30.
26
What is the remainder when 309*2*(-15 + (-2800)/(-150)) is divided by 69?
58
Let g(l) = -1422*l**3 + 58*l**2 + 117*l + 6. Calculate the remainder when g(-2) is divided by 3790.
10
Suppose 0 = -4*d + 328. Let y(s) = 14*s**2 + 664*s - 370. Calculate the remainder when d is divided by y(-48).
12
Suppose -5*n + 3 = 2*r, -12*r = -11*r + 3*n. Suppose -2*y - 11 = 3*z, 3*z + 6 = -2*y + z. Suppose -y*b + 104 = 4. What is the remainder when b is divided by r?
5
Let k(l) = 3*l**3 - 49*l**2 + 139*l - 9. Let c(j) = -j**2 + 9*j - 3. What is the remainder when k(3) is divided by c(5)?
14
What is the remainder when (-2336727)/(-3503) + (-4)/62 is divided by 12?
7
Let k(z) = -2*z + 19. Let t = 75 - 80. Let g be (-3)/(2/t*(-6)/(-4)). Calculate the remainder when k(g) is divided by 6.
3
Let f(i) = -i**3 - 4*i**2 - 4*i - 7. Let m(u) = -u**3 - 10*u**2 - 8*u + 4. Let y be m(-9). What is the remainder when 100 is divided by f(y)?
24
Let d(i) = -828*i - 9811. What is the remainder when 1784 is divided by d(-14)?
3
Calculate the remainder when (0 - -1)*(211/6)/((-2)/(-12)) is divided by 43.
39
Let h = -999 - -1806. Let p = 823 - h. Calculate the remainder when 116 is divided by p.
4
Let x(h) = h**2 - 15*h + 4. Let s be x(15). Suppose -4*j + 3*r = -249, -r + s*r + 183 = 3*j. What is the remainder when j is divided by 34?
32
Let z = -139 - -71. Suppose 0 = -3*m - 87 + 459. Let n = m + z. What is the remainder when n is divided by 15?
11
Let w(s) = 2*s**2 + 12*s - 832. Calculate the remainder when 351 is divided by w(19).
115
Let t(c) = -5*c - 450. Let u = -137 + 228. What is the remainder when u is divided by t(-101)?
36
Suppose a - 11 = -3*x, -7*a + 5*a + 10 = 2*x. Suppose -x*p = -5*t - p + 32, 3*p = -3*t + 36. Calculate the remainder when 245 is divided by t.
5
Suppose -62*l = 3*c - 58*l - 1265, -1675 = -4*c - 3*l. What is the remainder when 850 is divided by c?
20
Suppose -190 = -5*d + 280. Let x(l) = -18*l**2 + 7*l + l**3 + 0 + 4 + 5*l + 7*l**2. What is the remainder when d is divided by x(10)?
22
Let q be 5/15*(4 - 10). Let p(t) = -7*t**3 + t**2 + 8*t + 10. Calculate the remainder when p(q) is divided by 19.
16
Let u be (15/5)/((63/(-6))/(-7)). What is the remainder when 1569/21 + u/7 is divided by 8?
3
Suppose u + 2 = -1, 4*k = 2*u + 3334. Suppose k = 17*r - 4*r. What is the remainder when r is divided by 14?
8
Suppose n - 5*u = 1657, -4*u = -7*n + 6*n + 1654. Suppose 15*h - n = 1508. Calculate the remainder when h is divided by 53.
51
Suppose 6*r + w = 7*r - 45, 3*w + 3 = 0. Let u be (-2 + 329)*(1 + -2). What is the remainder when u/((5/20)/(1/(-6))) is divided by r?
42
Suppose 18*p = 18 - 0. What is the remainder when 311 is divided by p?
0
Let v = -1311 - -1455. What is the remainder when v is divided by 21?
18
Let o = 7077 - 7012. What is the remainder when 1492 is divided by o?
62
Let w = -11379 + 11430. Calculate the remainder when 64 is divided by w.
13
What is the remainder when 2 + 0/2 - (150 + -305) is divided by 74?
9
Let a = 15 - 16. Let n be a/(1/(-4) - (-5)/(-60)). Calculate the remainder when (-195)/((-9)/n)*1 is divided by 24.
17
Let y = -332249 - -332531. Let d = 152 + -80. What is the remainder when y is divided by d?
66
Let r = 18613 + -14962. What is the remainder when r is divided by 28?
11
Suppose -6463 = 26*z + 5913. Let k = -433 - z. Calculate the remainder when 386 is divided by k.
42
Let d = 19200 + -16864. What is the remainder when d is divided by 770?
26
Let w = -32 - -155. Let c(p) = -p - p**2 + p + 11*p + 2*p. Calculate the remainder when w is divided by c(6).
39
Let c(y) = y**3 - 76*y**2 + 217*y + 448. What is the remainder when c(73) is divided by 85?
47
Suppose -g + 566 - 53 = -5*v, 3*g = -4*v + 1596. Suppose 4*j + g - 2644 = 0. Calculate the remainder when j is divided by 59.
57
Suppose 0*z - 3*z = -5*b + 44, -2*z - 21 = 5*b. Let g(c) = -2*c**2 - 39*c + 9. What is the remainder when (z/(52/120))/(-1) is divided by g(0)?
3
Let c(v) = -v**3 + 6*v**2 + 4*v - 1. Let b = -1081 - -1098. What is the remainder when c(5) is divided by b?
10
Let j(l) = 33*l**3 + 2*l**2 - 2*l + 1. Let c be ((-6)/(-15))/(1/(-5)) + 572. Calculate the remainder when j(1) is divided by (2/(-5))/((-19)/c).
10
Suppose 8 = 2*d + 4. Suppose -12802 = 15*f - 188*f. Suppose 0 = -d*r, 4*a - f = -4*r - 18. Calculate the remainder when 38 is divided by a.
10
Let u(n) = -n**3 + 7*n**2 + 3*n - 16. What is the remainder when ((-70)/(-105))/(2 + 905/(-453)) is divided by u(4)?
38
Let u = 2265 + -2121. What is the remainder when u is divided by 7?
4
Suppose 21*n = 23661 + 23596 + 7532. What is the remainder when n is divided by 23?
10
Let r(s) = -504*s - 610. Calculate the remainder when r(-6) is divided by 151.
149
Let u(a) = a**2 + 2*a + 5. Calculate the remainder when (-1)/2 - 6/12 - 42840/(-280) is divided by u(5).
32
Let y = 87 + -84. Suppose 0 = h + 4*r - 141, -y*h - 2*r + 498 = -5*r. Calculate the remainder when h is divided by 46.
23
Let m = -12429 - -12973. What is the remainder when m is divided by 171?
31
Let o(u) = 7*u - 1. Calculate the remainder when 6*-1*(-8)/(240/(-45)) + 17 + 68 is divided by o(3).
16
Let i = 2029 + -1961. What is the remainder when i is divided by 5?
3
Calculate the remainder when (49/(-14))/(9/(-378)) + 1 is divided by 49.
1
Let g = 394 - 584. Let d = 195 + g. Calculate the remainder when 15 is divided by d.
0
Let w = -1124 - -1143. What is the remainder when 6240/210 + (-4)/(-14) is divided by w?
11
Let b(v) = -35*v - 25. Suppose 0*x - 3 = -x. Suppose x*c - 14 = 52. Calculate the remainder when b(-5) is divided by c.
18
Let n(c) = 13*c - 47. Let l(u) = -u + 1. Let w(s) = 4*l(s) + n(s). Calculate the remainder when (1 - -32)*-3*1/(-3) is divided by w(7).
13
Let r = 461 + -457. Suppose r*j = -36 + 248. What is the remainder when 64 is divided by j?
11
Let h(n) = n**3 - 46*n**2 + 10. Calculate the remainder when 2328 is divided by h(46).
8
Let l be (-7)/(-2)*64/56. Let p be (2/(-6))/(l/(-24)). Suppose 2*o = 2*u + 118, -3*u + 263 = 7*o - p*o. Calculate the remainder when o is divided by 14.
13
Let z = -133 - -183. What is the remainder when 175 is divided by 1*(z + (-15)/(-3))?
10
Let l be (13/(-2) - -2)*(-2)/3. Suppose 5*y = t - l - 5, 0 = -5*t + 2*y - 29. Calculate the remainder when t/(-28) + (2 - (-441)/12) is divided by 12.
3
Suppose -4*w = -13*w + 153. Suppose 0 = 3*x + 3*m - m - 11, 0 = -4*x - 5*m + w. Calculate the remainder when 4 is divided by x.
1
Let y(x) be the second derivative of -x**5/20 + 4*x**4/3 + 17*x**3/6 + 9*x**2/2 + 